{"id":612,"date":"2016-03-07T03:11:04","date_gmt":"2016-03-07T03:11:04","guid":{"rendered":"https:\/\/www.gavias-theme.com\/wp\/indutri\/?page_id=612"},"modified":"2025-05-06T12:12:22","modified_gmt":"2025-05-06T09:12:22","slug":"hakkimizda","status":"publish","type":"page","link":"https:\/\/bidunyadekor.com\/index.php\/hakkimizda\/","title":{"rendered":"Hakk\u0131m\u0131zda"},"content":{"rendered":"\t\t<div data-elementor-type=\"wp-post\" data-elementor-id=\"612\" class=\"elementor elementor-612\">\n\t\t\t\t\t\t<section class=\"elementor-section elementor-top-section elementor-element elementor-element-1279549a elementor-section-boxed elementor-section-height-default elementor-section-height-default\" data-id=\"1279549a\" data-element_type=\"section\">\n\t\t\t\t\t\t<div class=\"elementor-container elementor-column-gap-default\">\n\t\t\t\t\t<div class=\"elementor-column elementor-col-50 elementor-top-column elementor-element elementor-element-2d41672 top column-style-top\" data-id=\"2d41672\" data-element_type=\"column\">\n\t\t\t<div class=\"elementor-widget-wrap elementor-element-populated\">\n\t\t\t\t\t\t<section class=\"elementor-section elementor-inner-section elementor-element elementor-element-3054b3dc elementor-section-boxed elementor-section-height-default elementor-section-height-default\" data-id=\"3054b3dc\" data-element_type=\"section\">\n\t\t\t\t\t\t<div class=\"elementor-container elementor-column-gap-default\">\n\t\t\t\t\t<div class=\"elementor-column elementor-col-100 elementor-inner-column elementor-element elementor-element-61306f8a top column-style-top\" data-id=\"61306f8a\" data-element_type=\"column\">\n\t\t\t<div class=\"elementor-widget-wrap elementor-element-populated\">\n\t\t\t\t\t\t<div class=\"elementor-element elementor-element-a1afbe5 elementor-widget elementor-widget-text-editor\" data-id=\"a1afbe5\" data-element_type=\"widget\" data-widget_type=\"text-editor.default\">\n\t\t\t\t<div class=\"elementor-widget-container\">\n\t\t\t\t\t\t\t\t\t<p class=\"\" data-start=\"293\" data-end=\"763\"><strong data-start=\"293\" data-end=\"311\">Bi D\u00fcnya Dekor<\/strong>, i\u00e7 mekan tasar\u0131m\u0131nda esteti\u011fi, fonksiyonelli\u011fi ve kullan\u0131c\u0131 ihtiya\u00e7lar\u0131n\u0131 bir araya getirerek hayalleri ger\u00e7e\u011fe d\u00f6n\u00fc\u015ft\u00fcrme hedefiyle kurulmu\u015ftur. Kurulu\u015fumuzdan bu yana hem bireysel hem de kurumsal m\u00fc\u015fterilerimize ya\u015fam alanlar\u0131n\u0131 yeniden tan\u0131mlayan dekorasyon hizmetleri sunuyoruz. Her biri alan\u0131nda deneyimli ve yarat\u0131c\u0131 profesyonellerden olu\u015fan ekibimizle, i\u00e7 mekanlara yeni bir soluk getirmeye, modern ve i\u015flevsel \u00e7\u00f6z\u00fcmler sunmaya devam ediyoruz.<\/p><p class=\"\" data-start=\"765\" data-end=\"1189\">Ev dekorasyonundan ofis d\u00fczenlemelerine, ma\u011faza vitrinlerinden kafe ve restoran i\u00e7 mimarisine kadar geni\u015f bir yelpazede hizmet sunuyoruz. M\u00fc\u015fterilerimizin tarz\u0131n\u0131 ve beklentilerini en iyi \u015fekilde anlayarak; onlar\u0131n ya\u015fam tarz\u0131n\u0131 yans\u0131tan, \u00f6zg\u00fcn ve s\u00fcrd\u00fcr\u00fclebilir mekanlar olu\u015fturmay\u0131 ilke edindik. Kullan\u0131lan her malzemeden se\u00e7ilen her renge kadar her detay, hem estetik hem de kalite standartlar\u0131na uygun olarak belirlenir.<\/p><p class=\"\" data-start=\"1191\" data-end=\"1695\">Dekorasyonun sadece g\u00fczel g\u00f6r\u00fcnmekle kalmay\u0131p ayn\u0131 zamanda <strong data-start=\"1250\" data-end=\"1281\">konfor, verimlilik ve huzur<\/strong> da sa\u011flamas\u0131 gerekti\u011fine inan\u0131yoruz. Bu nedenle her projeye \u00f6zel bir titizlikle yakla\u015f\u0131yor, kullan\u0131c\u0131 deneyimini en \u00fcst seviyeye ta\u015f\u0131yacak \u00e7\u00f6z\u00fcmler geli\u015ftiriyoruz. Tadilat, \u00f6zel mobilya \u00fcretimi, duvar kaplamalar\u0131, zemin uygulamalar\u0131, ayd\u0131nlatma d\u00fczenlemeleri ve daha fazlas\u0131nda fark yaratan uygulamalarla, m\u00fc\u015fterilerimize sadece bir dekorasyon hizmeti de\u011fil, <strong data-start=\"1641\" data-end=\"1684\">ya\u015fam alanlar\u0131n\u0131 d\u00f6n\u00fc\u015ft\u00fcren bir deneyim<\/strong> sunuyoruz.<\/p>\t\t\t\t\t\t\t\t<\/div>\n\t\t\t\t<\/div>\n\t\t\t\t\t<\/div>\n\t\t<\/div>\n\t\t\t\t\t<\/div>\n\t\t<\/section>\n\t\t\t\t\t<\/div>\n\t\t<\/div>\n\t\t\t\t<div class=\"elementor-column elementor-col-50 elementor-top-column elementor-element elementor-element-47c5cee9 top column-style-top\" data-id=\"47c5cee9\" data-element_type=\"column\">\n\t\t\t<div class=\"elementor-widget-wrap elementor-element-populated\">\n\t\t\t\t\t\t<div class=\"elementor-element elementor-element-3b7c8567 arrow-top-left elementor-widget__width-auto elementor-widget elementor-widget-image\" data-id=\"3b7c8567\" data-element_type=\"widget\" data-widget_type=\"image.default\">\n\t\t\t\t<div class=\"elementor-widget-container\">\n\t\t\t\t\t\t\t\t\t\t\t\t\t\t\t<img fetchpriority=\"high\" decoding=\"async\" width=\"560\" height=\"690\" src=\"https:\/\/bidunyadekor.com\/wp-content\/uploads\/2020\/07\/image-9.jpg\" class=\"attachment-full size-full wp-image-9826\" alt=\"\" \/>\t\t\t\t\t\t\t\t\t\t\t\t\t\t\t<\/div>\n\t\t\t\t<\/div>\n\t\t\t\t<div class=\"elementor-element elementor-element-034f14c elementor-widget elementor-widget-accordion\" data-id=\"034f14c\" data-element_type=\"widget\" data-widget_type=\"accordion.default\">\n\t\t\t\t<div class=\"elementor-widget-container\">\n\t\t\t\t\t\t\t<div class=\"elementor-accordion\">\n\t\t\t\t\t\t\t<div class=\"elementor-accordion-item\">\n\t\t\t\t\t<div id=\"elementor-tab-title-3461\" class=\"elementor-tab-title\" data-tab=\"1\" role=\"button\" aria-controls=\"elementor-tab-content-3461\" aria-expanded=\"false\">\n\t\t\t\t\t\t\t\t\t\t\t\t\t<span class=\"elementor-accordion-icon elementor-accordion-icon-left\" aria-hidden=\"true\">\n\t\t\t\t\t\t\t\t\t\t\t\t\t\t\t<span class=\"elementor-accordion-icon-closed\"><i class=\"fas fa-plus\"><\/i><\/span>\n\t\t\t\t\t\t\t\t<span class=\"elementor-accordion-icon-opened\"><i class=\"fas fa-minus\"><\/i><\/span>\n\t\t\t\t\t\t\t\t\t\t\t\t\t\t<\/span>\n\t\t\t\t\t\t\t\t\t\t\t\t<a class=\"elementor-accordion-title\" tabindex=\"0\">Misyonumuz<\/a>\n\t\t\t\t\t<\/div>\n\t\t\t\t\t<div id=\"elementor-tab-content-3461\" class=\"elementor-tab-content elementor-clearfix\" data-tab=\"1\" role=\"region\" aria-labelledby=\"elementor-tab-title-3461\"><p class=\"\" style=\"text-align: justify;\" data-start=\"1717\" data-end=\"2041\">Bi D\u00fcnya Dekor olarak misyonumuz, her m\u00fc\u015fterimizin ihtiya\u00e7 ve hayallerini en do\u011fru \u015fekilde analiz ederek, ya\u015fam alanlar\u0131n\u0131 estetik, i\u015flevsel ve kaliteli bir bi\u00e7imde yeniden tasarlamakt\u0131r. Sundu\u011fumuz t\u00fcm hizmetlerde m\u00fc\u015fteri memnuniyetini \u00f6n planda tutar, projelerimizde \u00f6zg\u00fcnl\u00fc\u011fe, s\u00fcrd\u00fcr\u00fclebilirli\u011fe ve kaliteye \u00f6nem veririz.<\/p><p class=\"\" style=\"text-align: justify;\" data-start=\"2043\" data-end=\"2348\">Amac\u0131m\u0131z; sadece alanlar\u0131 dekore etmek de\u011fil, insanlar\u0131n i\u00e7inde mutlu hissedece\u011fi, huzur bulaca\u011f\u0131 ve keyifle vakit ge\u00e7irece\u011fi mekanlar olu\u015fturmakt\u0131r. M\u00fc\u015fterilerimize g\u00fcvenilir, \u015feffaf ve \u00e7\u00f6z\u00fcm odakl\u0131 bir hizmet sunarak, onlar\u0131 s\u00fcrecin her ad\u0131m\u0131nda bilgilendirir ve ortak kararlarla en iyi sonuca ula\u015f\u0131r\u0131z.<\/p><\/div>\n\t\t\t\t<\/div>\n\t\t\t\t\t\t\t<div class=\"elementor-accordion-item\">\n\t\t\t\t\t<div id=\"elementor-tab-title-3462\" class=\"elementor-tab-title\" data-tab=\"2\" role=\"button\" aria-controls=\"elementor-tab-content-3462\" aria-expanded=\"false\">\n\t\t\t\t\t\t\t\t\t\t\t\t\t<span class=\"elementor-accordion-icon elementor-accordion-icon-left\" aria-hidden=\"true\">\n\t\t\t\t\t\t\t\t\t\t\t\t\t\t\t<span class=\"elementor-accordion-icon-closed\"><i class=\"fas fa-plus\"><\/i><\/span>\n\t\t\t\t\t\t\t\t<span class=\"elementor-accordion-icon-opened\"><i class=\"fas fa-minus\"><\/i><\/span>\n\t\t\t\t\t\t\t\t\t\t\t\t\t\t<\/span>\n\t\t\t\t\t\t\t\t\t\t\t\t<a class=\"elementor-accordion-title\" tabindex=\"0\">Vizyonumuz<\/a>\n\t\t\t\t\t<\/div>\n\t\t\t\t\t<div id=\"elementor-tab-content-3462\" class=\"elementor-tab-content elementor-clearfix\" data-tab=\"2\" role=\"region\" aria-labelledby=\"elementor-tab-title-3462\"><p class=\"\" style=\"text-align: justify;\" data-start=\"2370\" data-end=\"2677\">Bi D\u00fcnya Dekor olarak vizyonumuz; T\u00fcrkiye\u2019de ve gelecekte yurt d\u0131\u015f\u0131nda, dekorasyon ve i\u00e7 mimarl\u0131k denince akla gelen ilk firmalardan biri olmakt\u0131r. Teknolojiyi, trendleri ve kullan\u0131c\u0131 beklentilerini yak\u0131ndan takip ederek s\u00fcrekli kendimizi geli\u015ftirmek, sekt\u00f6re y\u00f6n veren bir marka haline gelmek hedefimizdir.<\/p><p class=\"\" style=\"text-align: justify;\" data-start=\"2679\" data-end=\"2882\">Kalite standartlar\u0131m\u0131zdan \u00f6d\u00fcn vermeden, estetik ve i\u015flevselli\u011fi bir araya getiren yenilik\u00e7i tasar\u0131m anlay\u0131\u015f\u0131m\u0131zla; sekt\u00f6r\u00fcm\u00fczde \u00f6rnek g\u00f6sterilen, g\u00fcvenilen ve tercih edilen bir firma olmay\u0131 ama\u00e7l\u0131yoruz.<\/p><\/div>\n\t\t\t\t<\/div>\n\t\t\t\t\t\t\t\t<\/div>\n\t\t\t\t\t\t<\/div>\n\t\t\t\t<\/div>\n\t\t\t\t\t<\/div>\n\t\t<\/div>\n\t\t\t\t\t<\/div>\n\t\t<\/section>\n\t\t\t\t<\/div>\n\t\t","protected":false},"excerpt":{"rendered":"<p>Bi D\u00fcnya Dekor, i\u00e7 mekan tasar\u0131m\u0131nda esteti\u011fi, fonksiyonelli\u011fi ve kullan\u0131c\u0131 ihtiya\u00e7lar\u0131n\u0131 bir araya getirerek hayalleri ger\u00e7e\u011fe d\u00f6n\u00fc\u015ft\u00fcrme hedefiyle kurulmu\u015ftur. Kurulu\u015fumuzdan bu yana hem bireysel hem de kurumsal m\u00fc\u015fterilerimize ya\u015fam alanlar\u0131n\u0131 yeniden tan\u0131mlayan dekorasyon hizmetleri sunuyoruz. Her biri alan\u0131nda deneyimli ve yarat\u0131c\u0131 profesyonellerden olu\u015fan ekibimizle, i\u00e7 mekanlara yeni bir soluk getirmeye, modern ve i\u015flevsel \u00e7\u00f6z\u00fcmler sunmaya [&hellip;]<\/p>\n","protected":false},"author":1,"featured_media":0,"parent":0,"menu_order":0,"comment_status":"closed","ping_status":"closed","template":"","meta":{"footnotes":""},"class_list":["post-612","page","type-page","status-publish","hentry"],"_links":{"self":[{"href":"https:\/\/bidunyadekor.com\/index.php\/wp-json\/wp\/v2\/pages\/612","targetHints":{"allow":["GET"]}}],"collection":[{"href":"https:\/\/bidunyadekor.com\/index.php\/wp-json\/wp\/v2\/pages"}],"about":[{"href":"https:\/\/bidunyadekor.com\/index.php\/wp-json\/wp\/v2\/types\/page"}],"author":[{"embeddable":true,"href":"https:\/\/bidunyadekor.com\/index.php\/wp-json\/wp\/v2\/users\/1"}],"replies":[{"embeddable":true,"href":"https:\/\/bidunyadekor.com\/index.php\/wp-json\/wp\/v2\/comments?post=612"}],"version-history":[{"count":7,"href":"https:\/\/bidunyadekor.com\/index.php\/wp-json\/wp\/v2\/pages\/612\/revisions"}],"predecessor-version":[{"id":10811,"href":"https:\/\/bidunyadekor.com\/index.php\/wp-json\/wp\/v2\/pages\/612\/revisions\/10811"}],"wp:attachment":[{"href":"https:\/\/bidunyadekor.com\/index.php\/wp-json\/wp\/v2\/media?parent=612"}],"curies":[{"name":"wp","href":"https:\/\/api.w.org\/{rel}","templated":true}]}}